{"version":"1.0","provider_name":"Napi Whistler","provider_url":"https:\/\/napiwhistler.cafeblog.hu","author_name":"Mom","author_url":"https:\/\/napiwhistler.cafeblog.hu\/author\/whistlers_mom\/","title":"","html":"<a href=\"https:\/\/napiwhistler.cafeblog.hu\/files\/2016\/02\/fem.jpg\"><img class=\"alignnone size-full wp-image-2142\" src=\"https:\/\/napiwhistler.cafeblog.hu\/files\/2016\/02\/fem.jpg\" alt=\"fem\" width=\"1280\" height=\"1455\" \/><\/a>\r\n\r\n\u00e9n akkora feminista vagyok, hogy amikor a f\u00e9rjem megd\u00edcs\u00e9ri az \u00faj melltart\u00f3mat, sim\u00e1n csak pof\u00e1n verem","type":"rich"}

<a href="https://napiwhistler.cafeblog.hu/files/2016/02/fem.jpg"><img class="alignnone size-full wp-image-2142" src="https://napiwhistler.cafeblog.hu/files/2016/02/fem.jpg" alt="fem" width="1280" height="1455" /></a>

én akkora feminista vagyok, hogy amikor a férjem megdícséri az új melltartómat, simán csak pofán verem
