{"version":"1.0","provider_name":"Napi Whistler","provider_url":"https:\/\/napiwhistler.cafeblog.hu","author_name":"Mom","author_url":"https:\/\/napiwhistler.cafeblog.hu\/author\/whistlers_mom\/","title":"","html":"<a href=\"https:\/\/napiwhistler.cafeblog.hu\/files\/2016\/04\/ejt\u0151.jpg\"><img class=\"alignnone size-full wp-image-2264\" src=\"https:\/\/napiwhistler.cafeblog.hu\/files\/2016\/04\/ejt\u0151.jpg\" alt=\"ejt\u0151\" width=\"660\" height=\"900\" \/><\/a>\r\n\r\nnem baszogat\u00e1sb\u00f3l mondom \u00c1kosk\u00e1m, de ha meg\u00e9bredsz, oda k\u00e9ne d\u00fcbelezni a polisztirol lemezt a szaletli tetej\u00e9hez, mert eg\u00e9sz \u00e9jjel csattogott, mint a picsa","type":"rich"}

<a href="https://napiwhistler.cafeblog.hu/files/2016/04/ejtő.jpg"><img class="alignnone size-full wp-image-2264" src="https://napiwhistler.cafeblog.hu/files/2016/04/ejtő.jpg" alt="ejtő" width="660" height="900" /></a>

nem baszogatásból mondom Ákoskám, de ha megébredsz, oda kéne dübelezni a polisztirol lemezt a szaletli tetejéhez, mert egész éjjel csattogott, mint a picsa
